. Let s(c) = 3*u(c) - 7*v(c). What is the tens digit of s(6)?
8
Let n(y) = -y**2 + 37*y + 39. Let a(r) = -r**3 - 5*r**2 - 4*r - 40. Let w be a(-6). What is the units digit of n(w)?
9
Let j(u) = 111*u**2 - 19*u - 150. What is the tens digit of j(18)?
7
Suppose p - 43347 = 3*w, 2*p + 3*w - 49775 = 36955. What is the ten thousands digit of p?
4
Let n(g) = -28*g**3 + 10*g**2 + 5*g - 22. What is the tens digit of n(-8)?
1
Let z(m) = 3 - 4 + 5 + 5*m. Let b be z(4). Let c = 124 + b. What is the hundreds digit of c?
1
Suppose 0 = 5*s - h - 60, 16*s - 11*s - 5*h = 80. Suppose s*r - 1618 = -474. What is the units digit of r?
4
Let a(x) be the first derivative of 85*x**2 + 370*x + 82. What is the tens digit of a(7)?
6
Let d(l) = 1293*l - 4339. What is the tens digit of d(17)?
4
Suppose -4381 = -3*b - 2*h + 2255, 2*b = -6*h + 4438. What is the thousands digit of b?
2
Suppose -313*y - 15 = -318*y. Suppose 5*x - 6124 = y*f, 4*x - 7176 = 2*f - 2276. What is the units digit of x?
6
Suppose -53*i - 209897 = -2*i - 1727504. What is the thousands digit of i?
9
Let s = 4 - 411. Let o = -141 - s. What is the tens digit of o?
6
Let x be (-1 - -2) + 3 + 18. Let o be (-172)/x - (-3)/((-33)/2). Let t(r) = -22*r + 24. What is the units digit of t(o)?
0
Let g(p) = -p**2 + 8*p - 2. Let h be g(6). Suppose 0*i - h*i = -200. Suppose -i = -4*m, 0 = 2*c - 5*m - 0 - 93. What is the tens digit of c?
5
What is the ten thousands digit of (9735/(-22))/((-33)/1364)?
1
Suppose -b = -11*q + 6*q + 23, -q = 3*b - 11. Let i be (18/(-45))/(b/20). What is the hundreds digit of (-1)/(((-7704)/482)/i + -4)?
2
Let z be (-198)/(-7 + 265/40). Suppose 16*u - 14528 = z. What is the hundreds digit of u?
9
Let n be ((-27)/(-3))/(-1) - (-1 + 0). What is the tens digit of (2514/(-9))/(n/24)?
3
Let a(l) = -l**3 - 58*l**2 - 390*l - 127. What is the thousands digit of a(-55)?
2
Let c(p) = 91*p - 85. Let b(l) = 45*l - 41. Let v(t) = 13*b(t) - 6*c(t). What is the hundreds digit of v(12)?
4
Let r = 4 - -7. What is the units digit of (r/(-2) + 5/1)*-542?
1
Suppose -78*a + 2*a = -6*a - 3069780. What is the hundreds digit of a?
8
Let y be 0*(3 + (1 - 3)). Suppose 10*w - 4*w - 12 = y. Suppose -q + 29 = -4*x - x, -2 = w*x. What is the units digit of q?
4
Suppose 6*n - 4*n + 8 = 0. Let k(t) = -t - 1 - 11*t - 8*t + 15. What is the tens digit of k(n)?
9
Suppose 3*b - 15 = 0, -59*v - 5*b = -53*v - 102655. What is the thousands digit of v?
7
Let b(x) = 11 - 30 - 13 - 8*x + 8. What is the tens digit of b(-25)?
7
Suppose -9*a + 112 = 19*a. What is the units digit of (-5924)/6*((-14)/a - -2)?
1
Let t be -24*((-56)/(-32) + -3). Suppose -7514 = -t*z + 17*z. What is the units digit of z?
8
Let o(z) = -z - 4*z**3 + 3 + z**2 + 0*z + z**3. Let t be (-27)/36 - (-35)/(-28). What is the tens digit of o(t)?
3
Let g = 39 + -35. Let r be (g - (-3 - 32)) + 0. Let z = r - 18. What is the tens digit of z?
2
Let f be (0 + -1 - (9 + -7)) + -3. What is the tens digit of 6/4*(-76)/f?
1
Let q be 20/3*6*(-3)/(-15). Let o(s) = -s**3 + s**3 + 8*s + 9*s**2 - s**3 + 2. What is the hundreds digit of o(q)?
1
Let j(b) = -465*b**2 + 3*b + 3. Let q be j(-1). Let m = 706 + q. Let u = -126 + m. What is the units digit of u?
5
Suppose -30*f = -28*f + 10. Let c = -133 - -123. What is the tens digit of 2/c - 291/f?
5
Let f = -518 + 1171. Suppose 46 + f = 3*q. What is the hundreds digit of q?
2
Let k(a) = -2*a**2 - 10*a + 1. Let w be k(-9). Let m = w - -75. What is the units digit of m?
4
Suppose 4*p - 3*t = -0*p + 36, -3*t = 12. Suppose 5*i - 12 = f - 2*f, -f + p = 2*i. Suppose f*m + 164 = x, 192 = x + 3*m + 2*m. What is the tens digit of x?
7
Let x(k) = -k**3 - 4*k**2 + 3*k + 11. Let w be x(-4). What is the units digit of (0 + w)/((-3)/465)?
5
Let u = 312 - 285. Suppose 86*m - 118531 = u*m. What is the hundreds digit of m?
0
Let z be (462/(-4) - 5)*-2. Let u = 654 - z. What is the units digit of u?
3
Suppose 4*n - 3*r = 14719, 4*n - 8648 = -5*r + 6063. What is the units digit of n?
9
Let c(q) = -q + 1. Suppose -9*f - 3 - 6 = 0. Let x be c(f). Suppose 2*s - 483 = -3*o, -4*o + 624 = -2*s - x*s. What is the tens digit of o?
5
Let g(a) = 2*a**2 + 19*a. Let h be (39/(-2))/(15/(-10)). Let i be g(h). Suppose -7*u + i + 220 = 0. What is the hundreds digit of u?
1
Suppose -4*w - 868 = -11*w. Let i = w + -22. What is the hundreds digit of i?
1
Let k(f) = 22*f - 39. Let i be k(2). Suppose 528 = 3*g + 4*x - 861, -5*x + 2310 = i*g. What is the hundreds digit of g?
4
Let l be 21/14 + (-7)/(-14). Suppose -5*c + 7 - 9 = y, y - 26 = l*c. What is the tens digit of y?
1
Let c(y) = y**3 - 12*y**2 + 13*y - 7. Suppose 3*k + 2*m = -9, 5*k = 6*k + m + 2. Let b be 30*(0 + (-2)/k). What is the units digit of c(b)?
9
Suppose -3*k + 1393 = 4*a, 9*k - 10*k + 2*a + 451 = 0. Suppose -2*f - 1818 = -2*i, k = 5*i + 4*f - 4104. What is the tens digit of i?
1
What is the units digit of 2667471/299 - (-4)/(-13)?
1
Suppose -3*b = -2*h - 8, 0 = -3*h - 3*b + 4*b - 19. Let w(i) = -29*i + 21. What is the units digit of w(h)?
4
Suppose 8*r = g + 3*r + 9, 2*r = 6. Let o be (1 + g)/(((-10)/(-6))/5). What is the units digit of 2 - 7/(o/(-306))?
4
Let n be -23*(-4)/14 + 72/168. Suppose -2*b = 2*d - 55 - 217, 15 = -3*d. Let t = n + b. What is the tens digit of t?
4
Let o = 61 - -65. What is the hundreds digit of 525 + 4/10 + o/35?
5
Suppose 2204985 = -202*l + 7169337. What is the tens digit of l?
7
Suppose 0 = -4*q - 1 - 3, -2*v + 5*q = -241. Suppose 25*f = 1332 + v. What is the tens digit of f?
5
Let d(r) = -3*r - 14. Let v be d(-6). Let k(j) = 7*j**2 - 24*j + 10. What is the units digit of k(v)?
6
Let a(p) = p**2 + 19*p + 59. What is the thousands digit of a(32)?
1
Let r = -177 - -43. Let t = 326 + r. Suppose -192 - t = -6*o. What is the units digit of o?
4
Let s(d) = -50*d - 4641. What is the units digit of s(-94)?
9
Let q = 139 - -127. Let o = q - -24. What is the hundreds digit of o?
2
Let n be 0/((-9)/(-3) - 4/4). Suppose n = -2*f + 6*f - 1176. What is the hundreds digit of f?
2
Let z(p) = p**3 + 2*p**2 - p - 2. Let a be z(-2). Let y(u) = u**3 - u**2 - u + 5. Let c be y(a). Suppose 10*q - 190 = c*q. What is the units digit of q?
8
Let h = 17465 + -9991. What is the units digit of h?
4
Let m = -1349 + 12474. What is the tens digit of m?
2
Suppose -4*i = 3*u - 24, -3*u = 3*i + u - 18. Suppose -i = h - 14. What is the units digit of (1 - h/(-4)) + 13?
6
Let n = -5956 + 14600. What is the hundreds digit of n?
6
Suppose -3*v = 2 + 43. Let p(b) be the third derivative of -7*b**4/12 + 5*b**3/6 + b**2 + 113*b. What is the units digit of p(v)?
5
Let i = -19192 - -32370. What is the hundreds digit of i?
1
Let i(y) = -11*y**2 - 630*y - 92. What is the thousands digit of i(-50)?
3
Suppose -2*p + 5*f = -1, -p - 2 + 0 = -2*f. Let x be p/20 + (-13)/(-5). Suppose -i + x*d + 3*d = -102, -i - d + 108 = 0. What is the hundreds digit of i?
1
Suppose -155 + 484 = 7*k. Suppose 5*r - k + 17 = 0. Suppose -5*y + r*y - 49 = 0. What is the units digit of y?
9
Let y(x) = -5*x + 21. Let i be y(5). Let m = -10 - i. What is the units digit of 58 - (m/3 + 5)?
5
Let g = 152 + 67571. What is the hundreds digit of g?
7
Let y = 3301 + 1471. What is the thousands digit of y?
4
Let b(d) = -d**3 + d - 1. Let h be b(3). Let g = -233 + 239. What is the tens digit of -2 + 3/(-3)*(h + g)?
1
Let f(d) = 28*d**2 + 7*d - 17. Suppose 9 = l + 3*m, 2 = 4*l + 3*m - 8*m. Let a be f(l). Let t = a - 156. What is the units digit of t?
0
Let d(t) = t**2 - 22. Suppose 4*b + 3*j - 27 = 0, 0*b - 9 = -b - 3*j. Let z be d(b). Suppose 7*o = 8*o - z. What is the units digit of o?
4
Let f be 8/((-7)/((-84)/8)). Suppose -15*i + 27 = -f*i. Let o(u) = u**2 - 9*u + 10. What is the tens digit of o(i)?
1
Suppose 4*p - 5244 + 1539 = 3*a, 0 = -5*p + 2*a + 4633. Let o = p + -236. What is the hundreds digit of o?
6
Let a(o) = -3*o**3 + 22*o**2 + 16*o - 17. Let v(y) = -y**3 + 11*y**2 + 8*y - 9. Let d(l) = -2*a(l) + 5*v(l). What is the units digit of d(-8)?
7
Suppose 3*v - 84 = 3*r - 4*r, 3*r - v = 212. Let t(w) = 10*w + 64. Let d be t(8). Suppose -4*m + r = -d. What is the tens digit of m?
5
Suppose 6878556 = 73*z + 2041284. What is the hundreds digit of z?
2
Let s be 142 - (7 - (19 - 3)). Suppose s = -173*z + 174*z. What is the units digit of z?
1
Let g = 1083